{"id":99,"date":"2023-01-19T11:06:30","date_gmt":"2023-01-19T11:06:30","guid":{"rendered":"https:\/\/centroesteticazaragoza.com\/tienda\/?post_type=product&#038;p=99"},"modified":"2025-02-10T19:41:53","modified_gmt":"2025-02-10T18:41:53","slug":"higiene-facial","status":"publish","type":"product","link":"https:\/\/centroesteticazaragoza.com\/tienda\/producto\/higiene-facial\/","title":{"rendered":"Higiene Facial"},"content":{"rendered":"<p>\u00bfEn qu\u00e9 consiste el tratamiento?<br \/>\nAntes de llevar a cabo la limpieza de cutis, analizaremos y diagnosticaremos tu piel, para as\u00ed elegir los productos que mejor se adapten a ella.<\/p>\n<p>Nuestra <a href=\"https:\/\/centroesteticazaragoza.com\/tratamientos\/faciales\/higiene-facial\/\">limpieza facial en Zaragoza<\/a> incluye:<\/p>\n<ol>\n<li>Limpieza profunda y tratamiento cosm\u00e9tico adecuado a tu tipo de piel.<\/li>\n<li>Exfoliaci\u00f3n y eliminaci\u00f3n de c\u00e9lulas muertas y puntos negros.<\/li>\n<li>Mascarilla con principios activos.<\/li>\n<li>Masaje relajante y crema final.<\/li>\n<\/ol>\n<p>Ponte en contacto con nosotros para resolver cualquier tipo de duda. Estaremos encantados de atenderte.<\/p>\n<p><a class=\"btn-tienda\" href=\"https:\/\/centroesteticazaragoza.com\/tratamientos\/faciales\/higiene-facial\/\" target=\"_blank\" rel=\"noopener\">M\u00e1s informaci\u00f3n<\/a><\/p>\n","protected":false},"excerpt":{"rendered":"<p>La\u00a0<strong>higiene facial<\/strong>\u00a0profesional es un h\u00e1bito imprescindible que debemos incluir en la rutina del\u00a0<strong>cuidado de nuestra piel<\/strong>. Las higienes faciales que realizamos en Ruise\u00f1ores Centro de Est\u00e9tica de Zaragoza aportan muchos beneficios, ya que ayuda a hidratar y limpiar nuestro rostro, haciendo que tenga una apariencia m\u00e1s brillante y saludable. Compra el tratamiento online en Tienda Ruise\u00f1ores y ll\u00e1manos para reservar tu cita.<\/p>\n","protected":false},"featured_media":101,"template":"","meta":[],"product_brand":[],"product_cat":[20,21],"product_tag":[],"class_list":{"0":"post-99","1":"product","2":"type-product","3":"status-publish","4":"has-post-thumbnail","6":"product_cat-tratamientos-de-estetica","7":"product_cat-tratamientos-faciales","9":"first","10":"instock","11":"downloadable","12":"virtual","13":"taxable","14":"purchasable","15":"product-type-simple"},"yoast_head":"<!-- This site is optimized with the Yoast SEO plugin v26.8 - https:\/\/yoast.com\/product\/yoast-seo-wordpress\/ -->\n<title>Comprar tratamiento de Higiene Facial - Tienda Ruise\u00f1ores<\/title>\n<meta name=\"description\" content=\"Limpieza profunda para la piel de tu rostro en nuestra Cl\u00ednica de Est\u00e9tica de Zaragoza. \u00a1C\u00f3mpralo ahora a un precio imbatible!\" \/>\n<meta name=\"robots\" content=\"index, follow, max-snippet:-1, max-image-preview:large, max-video-preview:-1\" \/>\n<link rel=\"canonical\" href=\"https:\/\/centroesteticazaragoza.com\/tienda\/producto\/higiene-facial\/\" \/>\n<meta property=\"og:locale\" content=\"es_ES\" \/>\n<meta property=\"og:type\" content=\"article\" \/>\n<meta property=\"og:title\" content=\"Comprar tratamiento de Higiene Facial - Tienda Ruise\u00f1ores\" \/>\n<meta property=\"og:description\" content=\"Limpieza profunda para la piel de tu rostro en nuestra Cl\u00ednica de Est\u00e9tica de Zaragoza. \u00a1C\u00f3mpralo ahora a un precio imbatible!\" \/>\n<meta property=\"og:url\" content=\"https:\/\/centroesteticazaragoza.com\/tienda\/producto\/higiene-facial\/\" \/>\n<meta property=\"og:site_name\" content=\"Tienda Ruise\u00f1ores\" \/>\n<meta property=\"article:modified_time\" content=\"2025-02-10T18:41:53+00:00\" \/>\n<meta property=\"og:image\" content=\"https:\/\/centroesteticazaragoza.com\/tienda\/wp-content\/uploads\/2023\/01\/higiene-facial-zaragoza.jpg\" \/>\n\t<meta property=\"og:image:width\" content=\"600\" \/>\n\t<meta property=\"og:image:height\" content=\"450\" \/>\n\t<meta property=\"og:image:type\" content=\"image\/jpeg\" \/>\n<meta name=\"twitter:card\" content=\"summary_large_image\" \/>\n<meta name=\"twitter:label1\" content=\"Tiempo de lectura\" \/>\n\t<meta name=\"twitter:data1\" content=\"1 minuto\" \/>\n<script type=\"application\/ld+json\" class=\"yoast-schema-graph\">{\"@context\":\"https:\/\/schema.org\",\"@graph\":[{\"@type\":\"WebPage\",\"@id\":\"https:\/\/centroesteticazaragoza.com\/tienda\/producto\/higiene-facial\/\",\"url\":\"https:\/\/centroesteticazaragoza.com\/tienda\/producto\/higiene-facial\/\",\"name\":\"Comprar tratamiento de Higiene Facial - Tienda Ruise\u00f1ores\",\"isPartOf\":{\"@id\":\"https:\/\/centroesteticazaragoza.com\/tienda\/#website\"},\"primaryImageOfPage\":{\"@id\":\"https:\/\/centroesteticazaragoza.com\/tienda\/producto\/higiene-facial\/#primaryimage\"},\"image\":{\"@id\":\"https:\/\/centroesteticazaragoza.com\/tienda\/producto\/higiene-facial\/#primaryimage\"},\"thumbnailUrl\":\"https:\/\/centroesteticazaragoza.com\/tienda\/wp-content\/uploads\/2023\/01\/higiene-facial-zaragoza.jpg\",\"datePublished\":\"2023-01-19T11:06:30+00:00\",\"dateModified\":\"2025-02-10T18:41:53+00:00\",\"description\":\"Limpieza profunda para la piel de tu rostro en nuestra Cl\u00ednica de Est\u00e9tica de Zaragoza. \u00a1C\u00f3mpralo ahora a un precio imbatible!\",\"breadcrumb\":{\"@id\":\"https:\/\/centroesteticazaragoza.com\/tienda\/producto\/higiene-facial\/#breadcrumb\"},\"inLanguage\":\"es\",\"potentialAction\":[{\"@type\":\"ReadAction\",\"target\":[\"https:\/\/centroesteticazaragoza.com\/tienda\/producto\/higiene-facial\/\"]}]},{\"@type\":\"ImageObject\",\"inLanguage\":\"es\",\"@id\":\"https:\/\/centroesteticazaragoza.com\/tienda\/producto\/higiene-facial\/#primaryimage\",\"url\":\"https:\/\/centroesteticazaragoza.com\/tienda\/wp-content\/uploads\/2023\/01\/higiene-facial-zaragoza.jpg\",\"contentUrl\":\"https:\/\/centroesteticazaragoza.com\/tienda\/wp-content\/uploads\/2023\/01\/higiene-facial-zaragoza.jpg\",\"width\":600,\"height\":450,\"caption\":\"Higiene facial Zaragoza\"},{\"@type\":\"BreadcrumbList\",\"@id\":\"https:\/\/centroesteticazaragoza.com\/tienda\/producto\/higiene-facial\/#breadcrumb\",\"itemListElement\":[{\"@type\":\"ListItem\",\"position\":1,\"name\":\"Portada\",\"item\":\"https:\/\/centroesteticazaragoza.com\/tienda\/\"},{\"@type\":\"ListItem\",\"position\":2,\"name\":\"Tienda\",\"item\":\"https:\/\/centroesteticazaragoza.com\/tienda\/tienda\/\"},{\"@type\":\"ListItem\",\"position\":3,\"name\":\"Higiene Facial\"}]},{\"@type\":\"WebSite\",\"@id\":\"https:\/\/centroesteticazaragoza.com\/tienda\/#website\",\"url\":\"https:\/\/centroesteticazaragoza.com\/tienda\/\",\"name\":\"Tienda Ruise\u00f1ores\",\"description\":\"Tratamientos para tu cuerpo, tu piel y tu rostro.\",\"publisher\":{\"@id\":\"https:\/\/centroesteticazaragoza.com\/tienda\/#organization\"},\"potentialAction\":[{\"@type\":\"SearchAction\",\"target\":{\"@type\":\"EntryPoint\",\"urlTemplate\":\"https:\/\/centroesteticazaragoza.com\/tienda\/?s={search_term_string}\"},\"query-input\":{\"@type\":\"PropertyValueSpecification\",\"valueRequired\":true,\"valueName\":\"search_term_string\"}}],\"inLanguage\":\"es\"},{\"@type\":\"Organization\",\"@id\":\"https:\/\/centroesteticazaragoza.com\/tienda\/#organization\",\"name\":\"Tienda Ruise\u00f1ores\",\"url\":\"https:\/\/centroesteticazaragoza.com\/tienda\/\",\"logo\":{\"@type\":\"ImageObject\",\"inLanguage\":\"es\",\"@id\":\"https:\/\/centroesteticazaragoza.com\/tienda\/#\/schema\/logo\/image\/\",\"url\":\"https:\/\/centroesteticazaragoza.com\/tienda\/wp-content\/uploads\/2023\/01\/logotipo-tienda-centro-medico-estetico-ruisenores-gris.png\",\"contentUrl\":\"https:\/\/centroesteticazaragoza.com\/tienda\/wp-content\/uploads\/2023\/01\/logotipo-tienda-centro-medico-estetico-ruisenores-gris.png\",\"width\":528,\"height\":166,\"caption\":\"Tienda Ruise\u00f1ores\"},\"image\":{\"@id\":\"https:\/\/centroesteticazaragoza.com\/tienda\/#\/schema\/logo\/image\/\"}}]}<\/script>\n<!-- \/ Yoast SEO plugin. -->","yoast_head_json":{"title":"Comprar tratamiento de Higiene Facial - Tienda Ruise\u00f1ores","description":"Limpieza profunda para la piel de tu rostro en nuestra Cl\u00ednica de Est\u00e9tica de Zaragoza. \u00a1C\u00f3mpralo ahora a un precio imbatible!","robots":{"index":"index","follow":"follow","max-snippet":"max-snippet:-1","max-image-preview":"max-image-preview:large","max-video-preview":"max-video-preview:-1"},"canonical":"https:\/\/centroesteticazaragoza.com\/tienda\/producto\/higiene-facial\/","og_locale":"es_ES","og_type":"article","og_title":"Comprar tratamiento de Higiene Facial - Tienda Ruise\u00f1ores","og_description":"Limpieza profunda para la piel de tu rostro en nuestra Cl\u00ednica de Est\u00e9tica de Zaragoza. \u00a1C\u00f3mpralo ahora a un precio imbatible!","og_url":"https:\/\/centroesteticazaragoza.com\/tienda\/producto\/higiene-facial\/","og_site_name":"Tienda Ruise\u00f1ores","article_modified_time":"2025-02-10T18:41:53+00:00","og_image":[{"width":600,"height":450,"url":"https:\/\/centroesteticazaragoza.com\/tienda\/wp-content\/uploads\/2023\/01\/higiene-facial-zaragoza.jpg","type":"image\/jpeg"}],"twitter_card":"summary_large_image","twitter_misc":{"Tiempo de lectura":"1 minuto"},"schema":{"@context":"https:\/\/schema.org","@graph":[{"@type":"WebPage","@id":"https:\/\/centroesteticazaragoza.com\/tienda\/producto\/higiene-facial\/","url":"https:\/\/centroesteticazaragoza.com\/tienda\/producto\/higiene-facial\/","name":"Comprar tratamiento de Higiene Facial - Tienda Ruise\u00f1ores","isPartOf":{"@id":"https:\/\/centroesteticazaragoza.com\/tienda\/#website"},"primaryImageOfPage":{"@id":"https:\/\/centroesteticazaragoza.com\/tienda\/producto\/higiene-facial\/#primaryimage"},"image":{"@id":"https:\/\/centroesteticazaragoza.com\/tienda\/producto\/higiene-facial\/#primaryimage"},"thumbnailUrl":"https:\/\/centroesteticazaragoza.com\/tienda\/wp-content\/uploads\/2023\/01\/higiene-facial-zaragoza.jpg","datePublished":"2023-01-19T11:06:30+00:00","dateModified":"2025-02-10T18:41:53+00:00","description":"Limpieza profunda para la piel de tu rostro en nuestra Cl\u00ednica de Est\u00e9tica de Zaragoza. \u00a1C\u00f3mpralo ahora a un precio imbatible!","breadcrumb":{"@id":"https:\/\/centroesteticazaragoza.com\/tienda\/producto\/higiene-facial\/#breadcrumb"},"inLanguage":"es","potentialAction":[{"@type":"ReadAction","target":["https:\/\/centroesteticazaragoza.com\/tienda\/producto\/higiene-facial\/"]}]},{"@type":"ImageObject","inLanguage":"es","@id":"https:\/\/centroesteticazaragoza.com\/tienda\/producto\/higiene-facial\/#primaryimage","url":"https:\/\/centroesteticazaragoza.com\/tienda\/wp-content\/uploads\/2023\/01\/higiene-facial-zaragoza.jpg","contentUrl":"https:\/\/centroesteticazaragoza.com\/tienda\/wp-content\/uploads\/2023\/01\/higiene-facial-zaragoza.jpg","width":600,"height":450,"caption":"Higiene facial Zaragoza"},{"@type":"BreadcrumbList","@id":"https:\/\/centroesteticazaragoza.com\/tienda\/producto\/higiene-facial\/#breadcrumb","itemListElement":[{"@type":"ListItem","position":1,"name":"Portada","item":"https:\/\/centroesteticazaragoza.com\/tienda\/"},{"@type":"ListItem","position":2,"name":"Tienda","item":"https:\/\/centroesteticazaragoza.com\/tienda\/tienda\/"},{"@type":"ListItem","position":3,"name":"Higiene Facial"}]},{"@type":"WebSite","@id":"https:\/\/centroesteticazaragoza.com\/tienda\/#website","url":"https:\/\/centroesteticazaragoza.com\/tienda\/","name":"Tienda Ruise\u00f1ores","description":"Tratamientos para tu cuerpo, tu piel y tu rostro.","publisher":{"@id":"https:\/\/centroesteticazaragoza.com\/tienda\/#organization"},"potentialAction":[{"@type":"SearchAction","target":{"@type":"EntryPoint","urlTemplate":"https:\/\/centroesteticazaragoza.com\/tienda\/?s={search_term_string}"},"query-input":{"@type":"PropertyValueSpecification","valueRequired":true,"valueName":"search_term_string"}}],"inLanguage":"es"},{"@type":"Organization","@id":"https:\/\/centroesteticazaragoza.com\/tienda\/#organization","name":"Tienda Ruise\u00f1ores","url":"https:\/\/centroesteticazaragoza.com\/tienda\/","logo":{"@type":"ImageObject","inLanguage":"es","@id":"https:\/\/centroesteticazaragoza.com\/tienda\/#\/schema\/logo\/image\/","url":"https:\/\/centroesteticazaragoza.com\/tienda\/wp-content\/uploads\/2023\/01\/logotipo-tienda-centro-medico-estetico-ruisenores-gris.png","contentUrl":"https:\/\/centroesteticazaragoza.com\/tienda\/wp-content\/uploads\/2023\/01\/logotipo-tienda-centro-medico-estetico-ruisenores-gris.png","width":528,"height":166,"caption":"Tienda Ruise\u00f1ores"},"image":{"@id":"https:\/\/centroesteticazaragoza.com\/tienda\/#\/schema\/logo\/image\/"}}]}},"_links":{"self":[{"href":"https:\/\/centroesteticazaragoza.com\/tienda\/wp-json\/wp\/v2\/product\/99","targetHints":{"allow":["GET"]}}],"collection":[{"href":"https:\/\/centroesteticazaragoza.com\/tienda\/wp-json\/wp\/v2\/product"}],"about":[{"href":"https:\/\/centroesteticazaragoza.com\/tienda\/wp-json\/wp\/v2\/types\/product"}],"wp:featuredmedia":[{"embeddable":true,"href":"https:\/\/centroesteticazaragoza.com\/tienda\/wp-json\/wp\/v2\/media\/101"}],"wp:attachment":[{"href":"https:\/\/centroesteticazaragoza.com\/tienda\/wp-json\/wp\/v2\/media?parent=99"}],"wp:term":[{"taxonomy":"product_brand","embeddable":true,"href":"https:\/\/centroesteticazaragoza.com\/tienda\/wp-json\/wp\/v2\/product_brand?post=99"},{"taxonomy":"product_cat","embeddable":true,"href":"https:\/\/centroesteticazaragoza.com\/tienda\/wp-json\/wp\/v2\/product_cat?post=99"},{"taxonomy":"product_tag","embeddable":true,"href":"https:\/\/centroesteticazaragoza.com\/tienda\/wp-json\/wp\/v2\/product_tag?post=99"}],"curies":[{"name":"wp","href":"https:\/\/api.w.org\/{rel}","templated":true}]}}